{"id":21,"date":"2021-09-24T16:27:47","date_gmt":"2021-09-24T13:27:47","guid":{"rendered":"http:\/\/www.rakennusmyyra.fi\/?page_id=21"},"modified":"2025-01-28T16:33:23","modified_gmt":"2025-01-28T14:33:23","slug":"rakennusmyyra","status":"publish","type":"page","link":"https:\/\/www.rakennusmyyra.fi\/","title":{"rendered":"Rakennusmyyr\u00e4"},"content":{"rendered":"\t\t<div data-elementor-type=\"wp-page\" data-elementor-id=\"21\" class=\"elementor elementor-21\">\n\t\t\t\t\t\t<section class=\"elementor-section elementor-top-section elementor-element elementor-element-558d031e elementor-section-boxed elementor-section-height-default elementor-section-height-default\" data-id=\"558d031e\" data-element_type=\"section\">\n\t\t\t\t\t\t<div class=\"elementor-container elementor-column-gap-default\">\n\t\t\t\t\t<div class=\"elementor-column elementor-col-100 elementor-top-column elementor-element elementor-element-3af675a4\" data-id=\"3af675a4\" data-element_type=\"column\">\n\t\t\t<div class=\"elementor-widget-wrap elementor-element-populated\">\n\t\t\t\t\t\t<div class=\"elementor-element elementor-element-b914a74 elementor-widget elementor-widget-heading\" data-id=\"b914a74\" data-element_type=\"widget\" data-widget_type=\"heading.default\">\n\t\t\t\t<div class=\"elementor-widget-container\">\n\t\t\t<style>\/*! elementor - v3.21.0 - 25-04-2024 *\/\n.elementor-heading-title{padding:0;margin:0;line-height:1}.elementor-widget-heading .elementor-heading-title[class*=elementor-size-]>a{color:inherit;font-size:inherit;line-height:inherit}.elementor-widget-heading .elementor-heading-title.elementor-size-small{font-size:15px}.elementor-widget-heading .elementor-heading-title.elementor-size-medium{font-size:19px}.elementor-widget-heading .elementor-heading-title.elementor-size-large{font-size:29px}.elementor-widget-heading .elementor-heading-title.elementor-size-xl{font-size:39px}.elementor-widget-heading .elementor-heading-title.elementor-size-xxl{font-size:59px}<\/style><h2 class=\"elementor-heading-title elementor-size-default\">Rakennuspalvelut Keski-Suomessa<\/h2>\t\t<\/div>\n\t\t\t\t<\/div>\n\t\t\t\t<div class=\"elementor-element elementor-element-0c18806 elementor-widget elementor-widget-spacer\" data-id=\"0c18806\" data-element_type=\"widget\" data-widget_type=\"spacer.default\">\n\t\t\t\t<div class=\"elementor-widget-container\">\n\t\t\t<style>\/*! elementor - v3.21.0 - 25-04-2024 *\/\n.elementor-column .elementor-spacer-inner{height:var(--spacer-size)}.e-con{--container-widget-width:100%}.e-con-inner>.elementor-widget-spacer,.e-con>.elementor-widget-spacer{width:var(--container-widget-width,var(--spacer-size));--align-self:var(--container-widget-align-self,initial);--flex-shrink:0}.e-con-inner>.elementor-widget-spacer>.elementor-widget-container,.e-con>.elementor-widget-spacer>.elementor-widget-container{height:100%;width:100%}.e-con-inner>.elementor-widget-spacer>.elementor-widget-container>.elementor-spacer,.e-con>.elementor-widget-spacer>.elementor-widget-container>.elementor-spacer{height:100%}.e-con-inner>.elementor-widget-spacer>.elementor-widget-container>.elementor-spacer>.elementor-spacer-inner,.e-con>.elementor-widget-spacer>.elementor-widget-container>.elementor-spacer>.elementor-spacer-inner{height:var(--container-widget-height,var(--spacer-size))}.e-con-inner>.elementor-widget-spacer.elementor-widget-empty,.e-con>.elementor-widget-spacer.elementor-widget-empty{position:relative;min-height:22px;min-width:22px}.e-con-inner>.elementor-widget-spacer.elementor-widget-empty .elementor-widget-empty-icon,.e-con>.elementor-widget-spacer.elementor-widget-empty .elementor-widget-empty-icon{position:absolute;top:0;bottom:0;left:0;right:0;margin:auto;padding:0;width:22px;height:22px}<\/style>\t\t<div class=\"elementor-spacer\">\n\t\t\t<div class=\"elementor-spacer-inner\"><\/div>\n\t\t<\/div>\n\t\t\t\t<\/div>\n\t\t\t\t<\/div>\n\t\t\t\t<div class=\"elementor-element elementor-element-3ccfe490 elementor-widget elementor-widget-text-editor\" data-id=\"3ccfe490\" data-element_type=\"widget\" data-widget_type=\"text-editor.default\">\n\t\t\t\t<div class=\"elementor-widget-container\">\n\t\t\t<style>\/*! elementor - v3.21.0 - 25-04-2024 *\/\n.elementor-widget-text-editor.elementor-drop-cap-view-stacked .elementor-drop-cap{background-color:#69727d;color:#fff}.elementor-widget-text-editor.elementor-drop-cap-view-framed .elementor-drop-cap{color:#69727d;border:3px solid;background-color:transparent}.elementor-widget-text-editor:not(.elementor-drop-cap-view-default) .elementor-drop-cap{margin-top:8px}.elementor-widget-text-editor:not(.elementor-drop-cap-view-default) .elementor-drop-cap-letter{width:1em;height:1em}.elementor-widget-text-editor .elementor-drop-cap{float:left;text-align:center;line-height:1;font-size:50px}.elementor-widget-text-editor .elementor-drop-cap-letter{display:inline-block}<\/style>\t\t\t\t<p>Monipuoliset rakennuspalvelut vuodesta 1995. Saneeraustoimintaa pitk\u00e4ll\u00e4 kokemuksella.<br><\/p>\t\t\t\t\t\t<\/div>\n\t\t\t\t<\/div>\n\t\t\t\t<section class=\"elementor-section elementor-inner-section elementor-element elementor-element-fae77c8 elementor-section-boxed elementor-section-height-default elementor-section-height-default\" data-id=\"fae77c8\" data-element_type=\"section\">\n\t\t\t\t\t\t<div class=\"elementor-container elementor-column-gap-default\">\n\t\t\t\t\t<div class=\"elementor-column elementor-col-50 elementor-inner-column elementor-element elementor-element-6735c84\" data-id=\"6735c84\" data-element_type=\"column\">\n\t\t\t<div class=\"elementor-widget-wrap elementor-element-populated\">\n\t\t\t\t\t\t<div class=\"elementor-element elementor-element-dd62890 elementor-widget elementor-widget-heading\" data-id=\"dd62890\" data-element_type=\"widget\" data-widget_type=\"heading.default\">\n\t\t\t\t<div class=\"elementor-widget-container\">\n\t\t\t<h3 class=\"elementor-heading-title elementor-size-default\">JULKISYHTEIS\u00d6T<\/h3>\t\t<\/div>\n\t\t\t\t<\/div>\n\t\t\t\t<div class=\"elementor-element elementor-element-8a395da elementor-widget elementor-widget-text-editor\" data-id=\"8a395da\" data-element_type=\"widget\" data-widget_type=\"text-editor.default\">\n\t\t\t\t<div class=\"elementor-widget-container\">\n\t\t\t\t\t\t\t<p>Monipuoliset saneerauspalvelut toimitiloihin. <\/p>\t\t\t\t\t\t<\/div>\n\t\t\t\t<\/div>\n\t\t\t\t\t<\/div>\n\t\t<\/div>\n\t\t\t\t<div class=\"elementor-column elementor-col-50 elementor-inner-column elementor-element elementor-element-2e9cec8\" data-id=\"2e9cec8\" data-element_type=\"column\">\n\t\t\t<div class=\"elementor-widget-wrap elementor-element-populated\">\n\t\t\t\t\t\t<div class=\"elementor-element elementor-element-b89c80b elementor-widget elementor-widget-heading\" data-id=\"b89c80b\" data-element_type=\"widget\" data-widget_type=\"heading.default\">\n\t\t\t\t<div class=\"elementor-widget-container\">\n\t\t\t<h3 class=\"elementor-heading-title elementor-size-default\">YRITYKSET<\/h3>\t\t<\/div>\n\t\t\t\t<\/div>\n\t\t\t\t<div class=\"elementor-element elementor-element-48901ae elementor-widget elementor-widget-text-editor\" data-id=\"48901ae\" data-element_type=\"widget\" data-widget_type=\"text-editor.default\">\n\t\t\t\t<div class=\"elementor-widget-container\">\n\t\t\t\t\t\t\t<p>Yhteisty\u00f6ss\u00e4 luomme ratkaisut tarpeisiinne.<\/p>\t\t\t\t\t\t<\/div>\n\t\t\t\t<\/div>\n\t\t\t\t\t<\/div>\n\t\t<\/div>\n\t\t\t\t\t<\/div>\n\t\t<\/section>\n\t\t\t\t<section class=\"elementor-section elementor-inner-section elementor-element elementor-element-b246a36 elementor-section-boxed elementor-section-height-default elementor-section-height-default\" data-id=\"b246a36\" data-element_type=\"section\">\n\t\t\t\t\t\t<div class=\"elementor-container elementor-column-gap-default\">\n\t\t\t\t\t<div class=\"elementor-column elementor-col-50 elementor-inner-column elementor-element elementor-element-da61f13\" data-id=\"da61f13\" data-element_type=\"column\">\n\t\t\t<div class=\"elementor-widget-wrap elementor-element-populated\">\n\t\t\t\t\t\t<div class=\"elementor-element elementor-element-e1bc115 elementor-widget elementor-widget-heading\" data-id=\"e1bc115\" data-element_type=\"widget\" data-widget_type=\"heading.default\">\n\t\t\t\t<div class=\"elementor-widget-container\">\n\t\t\t<h3 class=\"elementor-heading-title elementor-size-default\">YKSITYISET<\/h3>\t\t<\/div>\n\t\t\t\t<\/div>\n\t\t\t\t<div class=\"elementor-element elementor-element-ae7b11b elementor-widget elementor-widget-text-editor\" data-id=\"ae7b11b\" data-element_type=\"widget\" data-widget_type=\"text-editor.default\">\n\t\t\t\t<div class=\"elementor-widget-container\">\n\t\t\t\t\t\t\t<p>Saneeraukset laadusta tinkim\u00e4tt\u00e4.<\/p>\t\t\t\t\t\t<\/div>\n\t\t\t\t<\/div>\n\t\t\t\t\t<\/div>\n\t\t<\/div>\n\t\t\t\t<div class=\"elementor-column elementor-col-50 elementor-inner-column elementor-element elementor-element-42d6995\" data-id=\"42d6995\" data-element_type=\"column\">\n\t\t\t<div class=\"elementor-widget-wrap elementor-element-populated\">\n\t\t\t\t\t\t<div class=\"elementor-element elementor-element-2ffa720 elementor-widget elementor-widget-heading\" data-id=\"2ffa720\" data-element_type=\"widget\" data-widget_type=\"heading.default\">\n\t\t\t\t<div class=\"elementor-widget-container\">\n\t\t\t<h3 class=\"elementor-heading-title elementor-size-default\">TALOYHTI\u00d6T<\/h3>\t\t<\/div>\n\t\t\t\t<\/div>\n\t\t\t\t<div class=\"elementor-element elementor-element-a01fa06 elementor-widget elementor-widget-text-editor\" data-id=\"a01fa06\" data-element_type=\"widget\" data-widget_type=\"text-editor.default\">\n\t\t\t\t<div class=\"elementor-widget-container\">\n\t\t\t\t\t\t\t<p>Saneeraukset kiinteist\u00f6n arvoa nostaen.<\/p>\t\t\t\t\t\t<\/div>\n\t\t\t\t<\/div>\n\t\t\t\t\t<\/div>\n\t\t<\/div>\n\t\t\t\t\t<\/div>\n\t\t<\/section>\n\t\t\t\t<div class=\"elementor-element elementor-element-9237b12 elementor-widget elementor-widget-spacer\" data-id=\"9237b12\" data-element_type=\"widget\" data-widget_type=\"spacer.default\">\n\t\t\t\t<div class=\"elementor-widget-container\">\n\t\t\t\t\t<div class=\"elementor-spacer\">\n\t\t\t<div class=\"elementor-spacer-inner\"><\/div>\n\t\t<\/div>\n\t\t\t\t<\/div>\n\t\t\t\t<\/div>\n\t\t\t\t\t<\/div>\n\t\t<\/div>\n\t\t\t\t\t<\/div>\n\t\t<\/section>\n\t\t\t\t<section class=\"elementor-section elementor-top-section elementor-element elementor-element-e822ec2 elementor-section-boxed elementor-section-height-default elementor-section-height-default\" data-id=\"e822ec2\" data-element_type=\"section\">\n\t\t\t\t\t\t<div class=\"elementor-container elementor-column-gap-default\">\n\t\t\t\t\t<div class=\"elementor-column elementor-col-100 elementor-top-column elementor-element elementor-element-e703f1f\" data-id=\"e703f1f\" data-element_type=\"column\">\n\t\t\t<div class=\"elementor-widget-wrap elementor-element-populated\">\n\t\t\t\t\t\t<div class=\"elementor-element elementor-element-cbfd95c elementor-widget elementor-widget-text-editor\" data-id=\"cbfd95c\" data-element_type=\"widget\" data-widget_type=\"text-editor.default\">\n\t\t\t\t<div class=\"elementor-widget-container\">\n\t\t\t\t\t\t\t<h4>Ota yhteytt\u00e4! Kerromme mielell\u00e4\u00e4n lis\u00e4\u00e4!<\/h4>\t\t\t\t\t\t<\/div>\n\t\t\t\t<\/div>\n\t\t\t\t\t<\/div>\n\t\t<\/div>\n\t\t\t\t\t<\/div>\n\t\t<\/section>\n\t\t\t\t<\/div>\n\t\t","protected":false},"excerpt":{"rendered":"<p>Rakennuspalvelut Keski-Suomessa Monipuoliset rakennuspalvelut vuodesta 1995. Saneeraustoimintaa pitk\u00e4ll\u00e4 kokemuksella. JULKISYHTEIS\u00d6T Monipuoliset saneerauspalvelut toimitiloihin. YRITYKSET Yhteisty\u00f6ss\u00e4 luomme ratkaisut tarpeisiinne. YKSITYISET Saneeraukset laadusta tinkim\u00e4tt\u00e4. [&hellip;]<\/p>\n","protected":false},"author":3,"featured_media":0,"parent":0,"menu_order":0,"comment_status":"closed","ping_status":"closed","template":"","meta":{"_ti_tpc_template_sync":false,"_ti_tpc_template_id":"","footnotes":""},"class_list":["post-21","page","type-page","status-publish","hentry"],"yoast_head":"<!-- This site is optimized with the Yoast SEO plugin v22.5 - https:\/\/yoast.com\/wordpress\/plugins\/seo\/ -->\n<title>Rakennusmyyr\u00e4 - Korkeatasoiset rakennuspalvelut Keski-Suomen alueella<\/title>\n<meta name=\"description\" content=\"Korkeatasoiset rakennuspalvelut toiveittesi mukaan. Tarjoamme kokemuksemme ja ammattitaitomme asiakkaiden k\u00e4ytt\u00f6\u00f6n saneeraus- ja uudisrakennusprojekteissa. Ota yhteytt\u00e4!\" \/>\n<meta name=\"robots\" content=\"index, follow, max-snippet:-1, max-image-preview:large, max-video-preview:-1\" \/>\n<link rel=\"canonical\" href=\"https:\/\/www.rakennusmyyra.fi\/\" \/>\n<meta property=\"og:locale\" content=\"fi_FI\" \/>\n<meta property=\"og:type\" content=\"article\" \/>\n<meta property=\"og:title\" content=\"Rakennusmyyr\u00e4 - Korkeatasoiset rakennuspalvelut Keski-Suomen alueella\" \/>\n<meta property=\"og:description\" content=\"Korkeatasoiset rakennuspalvelut toiveittesi mukaan. Tarjoamme kokemuksemme ja ammattitaitomme asiakkaiden k\u00e4ytt\u00f6\u00f6n saneeraus- ja uudisrakennusprojekteissa. Ota yhteytt\u00e4!\" \/>\n<meta property=\"og:url\" content=\"https:\/\/www.rakennusmyyra.fi\/\" \/>\n<meta property=\"og:site_name\" content=\"RAKENNUSMYYR\u00c4 OY\" \/>\n<meta property=\"article:modified_time\" content=\"2025-01-28T14:33:23+00:00\" \/>\n<meta name=\"twitter:card\" content=\"summary_large_image\" \/>\n<meta name=\"twitter:label1\" content=\"Arvioitu lukuaika\" \/>\n\t<meta name=\"twitter:data1\" content=\"1 minuutti\" \/>\n<script type=\"application\/ld+json\" class=\"yoast-schema-graph\">{\"@context\":\"https:\/\/schema.org\",\"@graph\":[{\"@type\":\"WebPage\",\"@id\":\"https:\/\/www.rakennusmyyra.fi\/\",\"url\":\"https:\/\/www.rakennusmyyra.fi\/\",\"name\":\"Rakennusmyyr\u00e4 - Korkeatasoiset rakennuspalvelut Keski-Suomen alueella\",\"isPartOf\":{\"@id\":\"https:\/\/www.rakennusmyyra.fi\/#website\"},\"datePublished\":\"2021-09-24T13:27:47+00:00\",\"dateModified\":\"2025-01-28T14:33:23+00:00\",\"description\":\"Korkeatasoiset rakennuspalvelut toiveittesi mukaan. Tarjoamme kokemuksemme ja ammattitaitomme asiakkaiden k\u00e4ytt\u00f6\u00f6n saneeraus- ja uudisrakennusprojekteissa. Ota yhteytt\u00e4!\",\"breadcrumb\":{\"@id\":\"https:\/\/www.rakennusmyyra.fi\/#breadcrumb\"},\"inLanguage\":\"fi\",\"potentialAction\":[{\"@type\":\"ReadAction\",\"target\":[\"https:\/\/www.rakennusmyyra.fi\/\"]}]},{\"@type\":\"BreadcrumbList\",\"@id\":\"https:\/\/www.rakennusmyyra.fi\/#breadcrumb\",\"itemListElement\":[{\"@type\":\"ListItem\",\"position\":1,\"name\":\"Etusivu\",\"item\":\"https:\/\/www.rakennusmyyra.fi\/\"},{\"@type\":\"ListItem\",\"position\":2,\"name\":\"Rakennusmyyr\u00e4\"}]},{\"@type\":\"WebSite\",\"@id\":\"https:\/\/www.rakennusmyyra.fi\/#website\",\"url\":\"https:\/\/www.rakennusmyyra.fi\/\",\"name\":\"RAKENNUSMYYR\u00c4 OY\",\"description\":\"Rakentamisen ammattilainen\",\"publisher\":{\"@id\":\"https:\/\/www.rakennusmyyra.fi\/#organization\"},\"potentialAction\":[{\"@type\":\"SearchAction\",\"target\":{\"@type\":\"EntryPoint\",\"urlTemplate\":\"https:\/\/www.rakennusmyyra.fi\/?s={search_term_string}\"},\"query-input\":\"required name=search_term_string\"}],\"inLanguage\":\"fi\"},{\"@type\":\"Organization\",\"@id\":\"https:\/\/www.rakennusmyyra.fi\/#organization\",\"name\":\"RAKENNUSMYYR\u00c4 OY\",\"url\":\"https:\/\/www.rakennusmyyra.fi\/\",\"logo\":{\"@type\":\"ImageObject\",\"inLanguage\":\"fi\",\"@id\":\"https:\/\/www.rakennusmyyra.fi\/#\/schema\/logo\/image\/\",\"url\":\"https:\/\/www.rakennusmyyra.fi\/wp-content\/uploads\/2021\/10\/rakennusmyyra_vari.png\",\"contentUrl\":\"https:\/\/www.rakennusmyyra.fi\/wp-content\/uploads\/2021\/10\/rakennusmyyra_vari.png\",\"width\":600,\"height\":100,\"caption\":\"RAKENNUSMYYR\u00c4 OY\"},\"image\":{\"@id\":\"https:\/\/www.rakennusmyyra.fi\/#\/schema\/logo\/image\/\"}}]}<\/script>\n<!-- \/ Yoast SEO plugin. -->","yoast_head_json":{"title":"Rakennusmyyr\u00e4 - Korkeatasoiset rakennuspalvelut Keski-Suomen alueella","description":"Korkeatasoiset rakennuspalvelut toiveittesi mukaan. Tarjoamme kokemuksemme ja ammattitaitomme asiakkaiden k\u00e4ytt\u00f6\u00f6n saneeraus- ja uudisrakennusprojekteissa. Ota yhteytt\u00e4!","robots":{"index":"index","follow":"follow","max-snippet":"max-snippet:-1","max-image-preview":"max-image-preview:large","max-video-preview":"max-video-preview:-1"},"canonical":"https:\/\/www.rakennusmyyra.fi\/","og_locale":"fi_FI","og_type":"article","og_title":"Rakennusmyyr\u00e4 - Korkeatasoiset rakennuspalvelut Keski-Suomen alueella","og_description":"Korkeatasoiset rakennuspalvelut toiveittesi mukaan. Tarjoamme kokemuksemme ja ammattitaitomme asiakkaiden k\u00e4ytt\u00f6\u00f6n saneeraus- ja uudisrakennusprojekteissa. Ota yhteytt\u00e4!","og_url":"https:\/\/www.rakennusmyyra.fi\/","og_site_name":"RAKENNUSMYYR\u00c4 OY","article_modified_time":"2025-01-28T14:33:23+00:00","twitter_card":"summary_large_image","twitter_misc":{"Arvioitu lukuaika":"1 minuutti"},"schema":{"@context":"https:\/\/schema.org","@graph":[{"@type":"WebPage","@id":"https:\/\/www.rakennusmyyra.fi\/","url":"https:\/\/www.rakennusmyyra.fi\/","name":"Rakennusmyyr\u00e4 - Korkeatasoiset rakennuspalvelut Keski-Suomen alueella","isPartOf":{"@id":"https:\/\/www.rakennusmyyra.fi\/#website"},"datePublished":"2021-09-24T13:27:47+00:00","dateModified":"2025-01-28T14:33:23+00:00","description":"Korkeatasoiset rakennuspalvelut toiveittesi mukaan. Tarjoamme kokemuksemme ja ammattitaitomme asiakkaiden k\u00e4ytt\u00f6\u00f6n saneeraus- ja uudisrakennusprojekteissa. Ota yhteytt\u00e4!","breadcrumb":{"@id":"https:\/\/www.rakennusmyyra.fi\/#breadcrumb"},"inLanguage":"fi","potentialAction":[{"@type":"ReadAction","target":["https:\/\/www.rakennusmyyra.fi\/"]}]},{"@type":"BreadcrumbList","@id":"https:\/\/www.rakennusmyyra.fi\/#breadcrumb","itemListElement":[{"@type":"ListItem","position":1,"name":"Etusivu","item":"https:\/\/www.rakennusmyyra.fi\/"},{"@type":"ListItem","position":2,"name":"Rakennusmyyr\u00e4"}]},{"@type":"WebSite","@id":"https:\/\/www.rakennusmyyra.fi\/#website","url":"https:\/\/www.rakennusmyyra.fi\/","name":"RAKENNUSMYYR\u00c4 OY","description":"Rakentamisen ammattilainen","publisher":{"@id":"https:\/\/www.rakennusmyyra.fi\/#organization"},"potentialAction":[{"@type":"SearchAction","target":{"@type":"EntryPoint","urlTemplate":"https:\/\/www.rakennusmyyra.fi\/?s={search_term_string}"},"query-input":"required name=search_term_string"}],"inLanguage":"fi"},{"@type":"Organization","@id":"https:\/\/www.rakennusmyyra.fi\/#organization","name":"RAKENNUSMYYR\u00c4 OY","url":"https:\/\/www.rakennusmyyra.fi\/","logo":{"@type":"ImageObject","inLanguage":"fi","@id":"https:\/\/www.rakennusmyyra.fi\/#\/schema\/logo\/image\/","url":"https:\/\/www.rakennusmyyra.fi\/wp-content\/uploads\/2021\/10\/rakennusmyyra_vari.png","contentUrl":"https:\/\/www.rakennusmyyra.fi\/wp-content\/uploads\/2021\/10\/rakennusmyyra_vari.png","width":600,"height":100,"caption":"RAKENNUSMYYR\u00c4 OY"},"image":{"@id":"https:\/\/www.rakennusmyyra.fi\/#\/schema\/logo\/image\/"}}]}},"_links":{"self":[{"href":"https:\/\/www.rakennusmyyra.fi\/index.php\/wp-json\/wp\/v2\/pages\/21","targetHints":{"allow":["GET"]}}],"collection":[{"href":"https:\/\/www.rakennusmyyra.fi\/index.php\/wp-json\/wp\/v2\/pages"}],"about":[{"href":"https:\/\/www.rakennusmyyra.fi\/index.php\/wp-json\/wp\/v2\/types\/page"}],"author":[{"embeddable":true,"href":"https:\/\/www.rakennusmyyra.fi\/index.php\/wp-json\/wp\/v2\/users\/3"}],"replies":[{"embeddable":true,"href":"https:\/\/www.rakennusmyyra.fi\/index.php\/wp-json\/wp\/v2\/comments?post=21"}],"version-history":[{"count":249,"href":"https:\/\/www.rakennusmyyra.fi\/index.php\/wp-json\/wp\/v2\/pages\/21\/revisions"}],"predecessor-version":[{"id":665,"href":"https:\/\/www.rakennusmyyra.fi\/index.php\/wp-json\/wp\/v2\/pages\/21\/revisions\/665"}],"wp:attachment":[{"href":"https:\/\/www.rakennusmyyra.fi\/index.php\/wp-json\/wp\/v2\/media?parent=21"}],"curies":[{"name":"wp","href":"https:\/\/api.w.org\/{rel}","templated":true}]}}