{"id":335,"date":"2021-09-28T12:38:06","date_gmt":"2021-09-28T09:38:06","guid":{"rendered":"https:\/\/www.rakennusmyyra.fi\/?page_id=335"},"modified":"2022-10-03T15:45:20","modified_gmt":"2022-10-03T12:45:20","slug":"yhteydet","status":"publish","type":"page","link":"https:\/\/www.rakennusmyyra.fi\/index.php\/yhteydet\/","title":{"rendered":"Yhteydet"},"content":{"rendered":"\t\t<div data-elementor-type=\"wp-page\" data-elementor-id=\"335\" class=\"elementor elementor-335\">\n\t\t\t\t\t\t<section class=\"elementor-section elementor-top-section elementor-element elementor-element-8350d5b elementor-section-boxed elementor-section-height-default elementor-section-height-default\" data-id=\"8350d5b\" data-element_type=\"section\">\n\t\t\t\t\t\t<div class=\"elementor-container elementor-column-gap-default\">\n\t\t\t\t\t<div class=\"elementor-column elementor-col-100 elementor-top-column elementor-element elementor-element-b2f9810\" data-id=\"b2f9810\" data-element_type=\"column\">\n\t\t\t<div class=\"elementor-widget-wrap elementor-element-populated\">\n\t\t\t\t\t\t<div class=\"elementor-element elementor-element-14834bc elementor-widget elementor-widget-heading\" data-id=\"14834bc\" data-element_type=\"widget\" data-widget_type=\"heading.default\">\n\t\t\t\t<div class=\"elementor-widget-container\">\n\t\t\t<style>\/*! elementor - v3.21.0 - 25-04-2024 *\/\n.elementor-heading-title{padding:0;margin:0;line-height:1}.elementor-widget-heading .elementor-heading-title[class*=elementor-size-]>a{color:inherit;font-size:inherit;line-height:inherit}.elementor-widget-heading .elementor-heading-title.elementor-size-small{font-size:15px}.elementor-widget-heading .elementor-heading-title.elementor-size-medium{font-size:19px}.elementor-widget-heading .elementor-heading-title.elementor-size-large{font-size:29px}.elementor-widget-heading .elementor-heading-title.elementor-size-xl{font-size:39px}.elementor-widget-heading .elementor-heading-title.elementor-size-xxl{font-size:59px}<\/style><h2 class=\"elementor-heading-title elementor-size-default\">Yhteydet<\/h2>\t\t<\/div>\n\t\t\t\t<\/div>\n\t\t\t\t\t<\/div>\n\t\t<\/div>\n\t\t\t\t\t<\/div>\n\t\t<\/section>\n\t\t\t\t<section class=\"elementor-section elementor-top-section elementor-element elementor-element-d59ba2b elementor-section-boxed elementor-section-height-default elementor-section-height-default\" data-id=\"d59ba2b\" data-element_type=\"section\">\n\t\t\t\t\t\t<div class=\"elementor-container elementor-column-gap-default\">\n\t\t\t\t\t<div class=\"elementor-column elementor-col-100 elementor-top-column elementor-element elementor-element-accf595\" data-id=\"accf595\" data-element_type=\"column\">\n\t\t\t<div class=\"elementor-widget-wrap elementor-element-populated\">\n\t\t\t\t\t\t<div class=\"elementor-element elementor-element-69bc1d4 elementor-widget elementor-widget-heading\" data-id=\"69bc1d4\" data-element_type=\"widget\" data-widget_type=\"heading.default\">\n\t\t\t\t<div class=\"elementor-widget-container\">\n\t\t\t<h4 class=\"elementor-heading-title elementor-size-default\">Ota yhteytt\u00e4<\/h4>\t\t<\/div>\n\t\t\t\t<\/div>\n\t\t\t\t<div class=\"elementor-element elementor-element-b5add43 elementor-widget elementor-widget-spacer\" data-id=\"b5add43\" data-element_type=\"widget\" data-widget_type=\"spacer.default\">\n\t\t\t\t<div class=\"elementor-widget-container\">\n\t\t\t<style>\/*! elementor - v3.21.0 - 25-04-2024 *\/\n.elementor-column .elementor-spacer-inner{height:var(--spacer-size)}.e-con{--container-widget-width:100%}.e-con-inner>.elementor-widget-spacer,.e-con>.elementor-widget-spacer{width:var(--container-widget-width,var(--spacer-size));--align-self:var(--container-widget-align-self,initial);--flex-shrink:0}.e-con-inner>.elementor-widget-spacer>.elementor-widget-container,.e-con>.elementor-widget-spacer>.elementor-widget-container{height:100%;width:100%}.e-con-inner>.elementor-widget-spacer>.elementor-widget-container>.elementor-spacer,.e-con>.elementor-widget-spacer>.elementor-widget-container>.elementor-spacer{height:100%}.e-con-inner>.elementor-widget-spacer>.elementor-widget-container>.elementor-spacer>.elementor-spacer-inner,.e-con>.elementor-widget-spacer>.elementor-widget-container>.elementor-spacer>.elementor-spacer-inner{height:var(--container-widget-height,var(--spacer-size))}.e-con-inner>.elementor-widget-spacer.elementor-widget-empty,.e-con>.elementor-widget-spacer.elementor-widget-empty{position:relative;min-height:22px;min-width:22px}.e-con-inner>.elementor-widget-spacer.elementor-widget-empty .elementor-widget-empty-icon,.e-con>.elementor-widget-spacer.elementor-widget-empty .elementor-widget-empty-icon{position:absolute;top:0;bottom:0;left:0;right:0;margin:auto;padding:0;width:22px;height:22px}<\/style>\t\t<div class=\"elementor-spacer\">\n\t\t\t<div class=\"elementor-spacer-inner\"><\/div>\n\t\t<\/div>\n\t\t\t\t<\/div>\n\t\t\t\t<\/div>\n\t\t\t\t<div class=\"elementor-element elementor-element-c993763 elementor-widget elementor-widget-shortcode\" data-id=\"c993763\" data-element_type=\"widget\" data-widget_type=\"shortcode.default\">\n\t\t\t\t<div class=\"elementor-widget-container\">\n\t\t\t\t\t<div class=\"elementor-shortcode\">\n<div class=\"wpcf7 no-js\" id=\"wpcf7-f48-o1\" lang=\"fi\" dir=\"ltr\">\n<div class=\"screen-reader-response\"><p role=\"status\" aria-live=\"polite\" aria-atomic=\"true\"><\/p> <ul><\/ul><\/div>\n<form action=\"\/index.php\/wp-json\/wp\/v2\/pages\/335#wpcf7-f48-o1\" method=\"post\" class=\"wpcf7-form init\" aria-label=\"Yhteydenottolomake\" novalidate=\"novalidate\" data-status=\"init\">\n<div style=\"display: none;\">\n<input type=\"hidden\" name=\"_wpcf7\" value=\"48\" \/>\n<input type=\"hidden\" name=\"_wpcf7_version\" value=\"5.9.3\" \/>\n<input type=\"hidden\" name=\"_wpcf7_locale\" value=\"fi\" \/>\n<input type=\"hidden\" name=\"_wpcf7_unit_tag\" value=\"wpcf7-f48-o1\" \/>\n<input type=\"hidden\" name=\"_wpcf7_container_post\" value=\"0\" \/>\n<input type=\"hidden\" name=\"_wpcf7_posted_data_hash\" value=\"\" \/>\n<\/div>\n<p><label> Nimi<br \/>\n<span class=\"wpcf7-form-control-wrap\" data-name=\"your-name\"><input size=\"40\" class=\"wpcf7-form-control wpcf7-text wpcf7-validates-as-required\" aria-required=\"true\" aria-invalid=\"false\" value=\"\" type=\"text\" name=\"your-name\" \/><\/span> <\/label>\n<\/p>\n<p><label> S\u00e4hk\u00f6posti<br \/>\n<span class=\"wpcf7-form-control-wrap\" data-name=\"your-email\"><input size=\"40\" class=\"wpcf7-form-control wpcf7-email wpcf7-validates-as-required wpcf7-text wpcf7-validates-as-email\" aria-required=\"true\" aria-invalid=\"false\" value=\"\" type=\"email\" name=\"your-email\" \/><\/span> <\/label>\n<\/p>\n<p><label> Aihe<br \/>\n<span class=\"wpcf7-form-control-wrap\" data-name=\"your-subject\"><input size=\"40\" class=\"wpcf7-form-control wpcf7-text wpcf7-validates-as-required\" aria-required=\"true\" aria-invalid=\"false\" value=\"\" type=\"text\" name=\"your-subject\" \/><\/span> <\/label>\n<\/p>\n<p><label> Viesti<br \/>\n<span class=\"wpcf7-form-control-wrap\" data-name=\"your-message\"><textarea cols=\"40\" rows=\"10\" class=\"wpcf7-form-control wpcf7-textarea\" aria-invalid=\"false\" name=\"your-message\"><\/textarea><\/span> <\/label>\n<\/p>\n<p><input class=\"wpcf7-form-control wpcf7-submit has-spinner\" type=\"submit\" value=\"L\u00e4het\u00e4\" \/>\n<\/p><div class=\"wpcf7-response-output\" aria-hidden=\"true\"><\/div>\n<\/form>\n<\/div>\n<\/div>\n\t\t\t\t<\/div>\n\t\t\t\t<\/div>\n\t\t\t\t<div class=\"elementor-element elementor-element-55882e7 elementor-widget elementor-widget-text-editor\" data-id=\"55882e7\" data-element_type=\"widget\" data-widget_type=\"text-editor.default\">\n\t\t\t\t<div class=\"elementor-widget-container\">\n\t\t\t<style>\/*! elementor - v3.21.0 - 25-04-2024 *\/\n.elementor-widget-text-editor.elementor-drop-cap-view-stacked .elementor-drop-cap{background-color:#69727d;color:#fff}.elementor-widget-text-editor.elementor-drop-cap-view-framed .elementor-drop-cap{color:#69727d;border:3px solid;background-color:transparent}.elementor-widget-text-editor:not(.elementor-drop-cap-view-default) .elementor-drop-cap{margin-top:8px}.elementor-widget-text-editor:not(.elementor-drop-cap-view-default) .elementor-drop-cap-letter{width:1em;height:1em}.elementor-widget-text-editor .elementor-drop-cap{float:left;text-align:center;line-height:1;font-size:50px}.elementor-widget-text-editor .elementor-drop-cap-letter{display:inline-block}<\/style>\t\t\t\t<h4><span style=\"color: #444444;\">Yhteystiedot<\/span><\/h4><p><span style=\"color: #444444;\">Rakennusmyyr\u00e4 Oy<\/span><br \/><span style=\"color: #444444;\">Viljasenkatu 11<\/span><br \/><span style=\"color: #444444;\">40720 JYV\u00c4SKYL\u00c4<\/span><\/p><p><span style=\"color: #444444;\"><strong>Yhteydet<br \/><\/strong>Risto Jokinen<br \/>Rakennusterveysasiantuntija (RTA)<br \/>Rakenteiden kosteuden mittaaja C-24332-24-18<br \/>+358 <strong>500 417 506<br \/><\/strong><\/span><\/p>\t\t\t\t\t\t<\/div>\n\t\t\t\t<\/div>\n\t\t\t\t<div class=\"elementor-element elementor-element-eb49dde elementor-widget elementor-widget-image\" data-id=\"eb49dde\" data-element_type=\"widget\" data-widget_type=\"image.default\">\n\t\t\t\t<div class=\"elementor-widget-container\">\n\t\t\t<style>\/*! elementor - v3.21.0 - 25-04-2024 *\/\n.elementor-widget-image{text-align:center}.elementor-widget-image a{display:inline-block}.elementor-widget-image a img[src$=\".svg\"]{width:48px}.elementor-widget-image img{vertical-align:middle;display:inline-block}<\/style>\t\t\t\t\t\t\t\t\t\t\t<a href=\"https:\/\/www.vastuugroup.fi\/fi-fi\/blogi\/mika-ihmeen-luotettava-kumppani\" target=\"_blank\">\n\t\t\t\t\t\t\t<img decoding=\"async\" width=\"230\" height=\"108\" src=\"https:\/\/www.rakennusmyyra.fi\/wp-content\/uploads\/2021\/09\/LK_valkoinen_rgb-230x108-1.jpg\" class=\"attachment-sydney-small-thumb size-sydney-small-thumb wp-image-343\" alt=\"\" \/>\t\t\t\t\t\t\t\t<\/a>\n\t\t\t\t\t\t\t\t\t\t\t\t\t<\/div>\n\t\t\t\t<\/div>\n\t\t\t\t<div class=\"elementor-element elementor-element-ce744bd elementor-widget elementor-widget-text-editor\" data-id=\"ce744bd\" data-element_type=\"widget\" data-widget_type=\"text-editor.default\">\n\t\t\t\t<div class=\"elementor-widget-container\">\n\t\t\t\t\t\t\t<h4><span style=\"color: #444444;\">Laskutustiedot<\/span><\/h4>\n<p><span style=\"color: #444444;\"><strong>Verkkolaskut<\/strong><\/span><br><span style=\"color: #444444;\">Verkkolaskuosoitteemme on 003710224366<\/span><br><span style=\"color: #444444;\">Y-tunnuksemme on 1022436-6<\/span><br><span style=\"color: #444444;\">Verkkolaskuoperaattorimme on Maventa<\/span><span style=\"color: #444444;\"><\/span><br><br><\/p>\n<p><span style=\"color: #444444;\"><strong>S\u00e4hk\u00f6postilaskuosoite:invoice-10224366@kollektor.fi<br><\/strong><\/span><\/p>\n<p><span style=\"color: #444444;\"><strong>Paperiset laskut:<\/strong><\/span><br><\/p><p>Rakennusmyyr\u00e4 Oy<br>10224366<br>PL 100<br>80020 Kollektor Scan<br><span style=\"color: #444444;\"><\/span><span style=\"color: #444444;\"><\/span><\/p>\t\t\t\t\t\t<\/div>\n\t\t\t\t<\/div>\n\t\t\t\t\t<\/div>\n\t\t<\/div>\n\t\t\t\t\t<\/div>\n\t\t<\/section>\n\t\t\t\t<\/div>\n\t\t","protected":false},"excerpt":{"rendered":"<p>Yhteydet Ota yhteytt\u00e4 Yhteystiedot Rakennusmyyr\u00e4 OyViljasenkatu 1140720 JYV\u00c4SKYL\u00c4 YhteydetRisto JokinenRakennusterveysasiantuntija (RTA)Rakenteiden kosteuden mittaaja C-24332-24-18+358 500 417 506 Laskutustiedot VerkkolaskutVerkkolaskuosoitteemme on 003710224366Y-tunnuksemme on [&hellip;]<\/p>\n","protected":false},"author":3,"featured_media":0,"parent":0,"menu_order":0,"comment_status":"closed","ping_status":"closed","template":"elementor_header_footer","meta":{"_ti_tpc_template_sync":false,"_ti_tpc_template_id":"","footnotes":""},"class_list":["post-335","page","type-page","status-publish","hentry"],"yoast_head":"<!-- This site is optimized with the Yoast SEO plugin v22.5 - https:\/\/yoast.com\/wordpress\/plugins\/seo\/ -->\n<title>Yhteydet - RAKENNUSMYYR\u00c4 OY<\/title>\n<meta name=\"description\" content=\"Korkeatasoiset rakennuspalvelut toiveittesi mukaan. Tarjoamme kokemuksemme ja ammattitaitomme asiakkaiden k\u00e4ytt\u00f6\u00f6n saneeraus- ja uudisrakennusprojekteissa. Ota yhteytt\u00e4!\" \/>\n<meta name=\"robots\" content=\"index, follow, max-snippet:-1, max-image-preview:large, max-video-preview:-1\" \/>\n<link rel=\"canonical\" href=\"https:\/\/www.rakennusmyyra.fi\/index.php\/yhteydet\/\" \/>\n<meta property=\"og:locale\" content=\"fi_FI\" \/>\n<meta property=\"og:type\" content=\"article\" \/>\n<meta property=\"og:title\" content=\"Yhteydet - RAKENNUSMYYR\u00c4 OY\" \/>\n<meta property=\"og:description\" content=\"Korkeatasoiset rakennuspalvelut toiveittesi mukaan. Tarjoamme kokemuksemme ja ammattitaitomme asiakkaiden k\u00e4ytt\u00f6\u00f6n saneeraus- ja uudisrakennusprojekteissa. Ota yhteytt\u00e4!\" \/>\n<meta property=\"og:url\" content=\"https:\/\/www.rakennusmyyra.fi\/index.php\/yhteydet\/\" \/>\n<meta property=\"og:site_name\" content=\"RAKENNUSMYYR\u00c4 OY\" \/>\n<meta property=\"article:modified_time\" content=\"2022-10-03T12:45:20+00:00\" \/>\n<meta property=\"og:image\" content=\"https:\/\/www.rakennusmyyra.fi\/wp-content\/uploads\/2021\/09\/LK_valkoinen_rgb-230x108-1.jpg\" \/>\n<meta name=\"twitter:card\" content=\"summary_large_image\" \/>\n<meta name=\"twitter:label1\" content=\"Arvioitu lukuaika\" \/>\n\t<meta name=\"twitter:data1\" content=\"1 minuutti\" \/>\n<script type=\"application\/ld+json\" class=\"yoast-schema-graph\">{\"@context\":\"https:\/\/schema.org\",\"@graph\":[{\"@type\":\"WebPage\",\"@id\":\"https:\/\/www.rakennusmyyra.fi\/index.php\/yhteydet\/\",\"url\":\"https:\/\/www.rakennusmyyra.fi\/index.php\/yhteydet\/\",\"name\":\"Yhteydet - RAKENNUSMYYR\u00c4 OY\",\"isPartOf\":{\"@id\":\"https:\/\/www.rakennusmyyra.fi\/#website\"},\"primaryImageOfPage\":{\"@id\":\"https:\/\/www.rakennusmyyra.fi\/index.php\/yhteydet\/#primaryimage\"},\"image\":{\"@id\":\"https:\/\/www.rakennusmyyra.fi\/index.php\/yhteydet\/#primaryimage\"},\"thumbnailUrl\":\"https:\/\/www.rakennusmyyra.fi\/wp-content\/uploads\/2021\/09\/LK_valkoinen_rgb-230x108-1.jpg\",\"datePublished\":\"2021-09-28T09:38:06+00:00\",\"dateModified\":\"2022-10-03T12:45:20+00:00\",\"description\":\"Korkeatasoiset rakennuspalvelut toiveittesi mukaan. Tarjoamme kokemuksemme ja ammattitaitomme asiakkaiden k\u00e4ytt\u00f6\u00f6n saneeraus- ja uudisrakennusprojekteissa. Ota yhteytt\u00e4!\",\"breadcrumb\":{\"@id\":\"https:\/\/www.rakennusmyyra.fi\/index.php\/yhteydet\/#breadcrumb\"},\"inLanguage\":\"fi\",\"potentialAction\":[{\"@type\":\"ReadAction\",\"target\":[\"https:\/\/www.rakennusmyyra.fi\/index.php\/yhteydet\/\"]}]},{\"@type\":\"ImageObject\",\"inLanguage\":\"fi\",\"@id\":\"https:\/\/www.rakennusmyyra.fi\/index.php\/yhteydet\/#primaryimage\",\"url\":\"https:\/\/www.rakennusmyyra.fi\/wp-content\/uploads\/2021\/09\/LK_valkoinen_rgb-230x108-1.jpg\",\"contentUrl\":\"https:\/\/www.rakennusmyyra.fi\/wp-content\/uploads\/2021\/09\/LK_valkoinen_rgb-230x108-1.jpg\",\"width\":230,\"height\":108},{\"@type\":\"BreadcrumbList\",\"@id\":\"https:\/\/www.rakennusmyyra.fi\/index.php\/yhteydet\/#breadcrumb\",\"itemListElement\":[{\"@type\":\"ListItem\",\"position\":1,\"name\":\"Etusivu\",\"item\":\"https:\/\/www.rakennusmyyra.fi\/\"},{\"@type\":\"ListItem\",\"position\":2,\"name\":\"Yhteydet\"}]},{\"@type\":\"WebSite\",\"@id\":\"https:\/\/www.rakennusmyyra.fi\/#website\",\"url\":\"https:\/\/www.rakennusmyyra.fi\/\",\"name\":\"RAKENNUSMYYR\u00c4 OY\",\"description\":\"Rakentamisen ammattilainen\",\"publisher\":{\"@id\":\"https:\/\/www.rakennusmyyra.fi\/#organization\"},\"potentialAction\":[{\"@type\":\"SearchAction\",\"target\":{\"@type\":\"EntryPoint\",\"urlTemplate\":\"https:\/\/www.rakennusmyyra.fi\/?s={search_term_string}\"},\"query-input\":\"required name=search_term_string\"}],\"inLanguage\":\"fi\"},{\"@type\":\"Organization\",\"@id\":\"https:\/\/www.rakennusmyyra.fi\/#organization\",\"name\":\"RAKENNUSMYYR\u00c4 OY\",\"url\":\"https:\/\/www.rakennusmyyra.fi\/\",\"logo\":{\"@type\":\"ImageObject\",\"inLanguage\":\"fi\",\"@id\":\"https:\/\/www.rakennusmyyra.fi\/#\/schema\/logo\/image\/\",\"url\":\"https:\/\/www.rakennusmyyra.fi\/wp-content\/uploads\/2021\/10\/rakennusmyyra_vari.png\",\"contentUrl\":\"https:\/\/www.rakennusmyyra.fi\/wp-content\/uploads\/2021\/10\/rakennusmyyra_vari.png\",\"width\":600,\"height\":100,\"caption\":\"RAKENNUSMYYR\u00c4 OY\"},\"image\":{\"@id\":\"https:\/\/www.rakennusmyyra.fi\/#\/schema\/logo\/image\/\"}}]}<\/script>\n<!-- \/ Yoast SEO plugin. -->","yoast_head_json":{"title":"Yhteydet - RAKENNUSMYYR\u00c4 OY","description":"Korkeatasoiset rakennuspalvelut toiveittesi mukaan. Tarjoamme kokemuksemme ja ammattitaitomme asiakkaiden k\u00e4ytt\u00f6\u00f6n saneeraus- ja uudisrakennusprojekteissa. Ota yhteytt\u00e4!","robots":{"index":"index","follow":"follow","max-snippet":"max-snippet:-1","max-image-preview":"max-image-preview:large","max-video-preview":"max-video-preview:-1"},"canonical":"https:\/\/www.rakennusmyyra.fi\/index.php\/yhteydet\/","og_locale":"fi_FI","og_type":"article","og_title":"Yhteydet - RAKENNUSMYYR\u00c4 OY","og_description":"Korkeatasoiset rakennuspalvelut toiveittesi mukaan. Tarjoamme kokemuksemme ja ammattitaitomme asiakkaiden k\u00e4ytt\u00f6\u00f6n saneeraus- ja uudisrakennusprojekteissa. Ota yhteytt\u00e4!","og_url":"https:\/\/www.rakennusmyyra.fi\/index.php\/yhteydet\/","og_site_name":"RAKENNUSMYYR\u00c4 OY","article_modified_time":"2022-10-03T12:45:20+00:00","og_image":[{"url":"https:\/\/www.rakennusmyyra.fi\/wp-content\/uploads\/2021\/09\/LK_valkoinen_rgb-230x108-1.jpg"}],"twitter_card":"summary_large_image","twitter_misc":{"Arvioitu lukuaika":"1 minuutti"},"schema":{"@context":"https:\/\/schema.org","@graph":[{"@type":"WebPage","@id":"https:\/\/www.rakennusmyyra.fi\/index.php\/yhteydet\/","url":"https:\/\/www.rakennusmyyra.fi\/index.php\/yhteydet\/","name":"Yhteydet - RAKENNUSMYYR\u00c4 OY","isPartOf":{"@id":"https:\/\/www.rakennusmyyra.fi\/#website"},"primaryImageOfPage":{"@id":"https:\/\/www.rakennusmyyra.fi\/index.php\/yhteydet\/#primaryimage"},"image":{"@id":"https:\/\/www.rakennusmyyra.fi\/index.php\/yhteydet\/#primaryimage"},"thumbnailUrl":"https:\/\/www.rakennusmyyra.fi\/wp-content\/uploads\/2021\/09\/LK_valkoinen_rgb-230x108-1.jpg","datePublished":"2021-09-28T09:38:06+00:00","dateModified":"2022-10-03T12:45:20+00:00","description":"Korkeatasoiset rakennuspalvelut toiveittesi mukaan. Tarjoamme kokemuksemme ja ammattitaitomme asiakkaiden k\u00e4ytt\u00f6\u00f6n saneeraus- ja uudisrakennusprojekteissa. Ota yhteytt\u00e4!","breadcrumb":{"@id":"https:\/\/www.rakennusmyyra.fi\/index.php\/yhteydet\/#breadcrumb"},"inLanguage":"fi","potentialAction":[{"@type":"ReadAction","target":["https:\/\/www.rakennusmyyra.fi\/index.php\/yhteydet\/"]}]},{"@type":"ImageObject","inLanguage":"fi","@id":"https:\/\/www.rakennusmyyra.fi\/index.php\/yhteydet\/#primaryimage","url":"https:\/\/www.rakennusmyyra.fi\/wp-content\/uploads\/2021\/09\/LK_valkoinen_rgb-230x108-1.jpg","contentUrl":"https:\/\/www.rakennusmyyra.fi\/wp-content\/uploads\/2021\/09\/LK_valkoinen_rgb-230x108-1.jpg","width":230,"height":108},{"@type":"BreadcrumbList","@id":"https:\/\/www.rakennusmyyra.fi\/index.php\/yhteydet\/#breadcrumb","itemListElement":[{"@type":"ListItem","position":1,"name":"Etusivu","item":"https:\/\/www.rakennusmyyra.fi\/"},{"@type":"ListItem","position":2,"name":"Yhteydet"}]},{"@type":"WebSite","@id":"https:\/\/www.rakennusmyyra.fi\/#website","url":"https:\/\/www.rakennusmyyra.fi\/","name":"RAKENNUSMYYR\u00c4 OY","description":"Rakentamisen ammattilainen","publisher":{"@id":"https:\/\/www.rakennusmyyra.fi\/#organization"},"potentialAction":[{"@type":"SearchAction","target":{"@type":"EntryPoint","urlTemplate":"https:\/\/www.rakennusmyyra.fi\/?s={search_term_string}"},"query-input":"required name=search_term_string"}],"inLanguage":"fi"},{"@type":"Organization","@id":"https:\/\/www.rakennusmyyra.fi\/#organization","name":"RAKENNUSMYYR\u00c4 OY","url":"https:\/\/www.rakennusmyyra.fi\/","logo":{"@type":"ImageObject","inLanguage":"fi","@id":"https:\/\/www.rakennusmyyra.fi\/#\/schema\/logo\/image\/","url":"https:\/\/www.rakennusmyyra.fi\/wp-content\/uploads\/2021\/10\/rakennusmyyra_vari.png","contentUrl":"https:\/\/www.rakennusmyyra.fi\/wp-content\/uploads\/2021\/10\/rakennusmyyra_vari.png","width":600,"height":100,"caption":"RAKENNUSMYYR\u00c4 OY"},"image":{"@id":"https:\/\/www.rakennusmyyra.fi\/#\/schema\/logo\/image\/"}}]}},"_links":{"self":[{"href":"https:\/\/www.rakennusmyyra.fi\/index.php\/wp-json\/wp\/v2\/pages\/335","targetHints":{"allow":["GET"]}}],"collection":[{"href":"https:\/\/www.rakennusmyyra.fi\/index.php\/wp-json\/wp\/v2\/pages"}],"about":[{"href":"https:\/\/www.rakennusmyyra.fi\/index.php\/wp-json\/wp\/v2\/types\/page"}],"author":[{"embeddable":true,"href":"https:\/\/www.rakennusmyyra.fi\/index.php\/wp-json\/wp\/v2\/users\/3"}],"replies":[{"embeddable":true,"href":"https:\/\/www.rakennusmyyra.fi\/index.php\/wp-json\/wp\/v2\/comments?post=335"}],"version-history":[{"count":47,"href":"https:\/\/www.rakennusmyyra.fi\/index.php\/wp-json\/wp\/v2\/pages\/335\/revisions"}],"predecessor-version":[{"id":524,"href":"https:\/\/www.rakennusmyyra.fi\/index.php\/wp-json\/wp\/v2\/pages\/335\/revisions\/524"}],"wp:attachment":[{"href":"https:\/\/www.rakennusmyyra.fi\/index.php\/wp-json\/wp\/v2\/media?parent=335"}],"curies":[{"name":"wp","href":"https:\/\/api.w.org\/{rel}","templated":true}]}}